{"id":86,"date":"2020-08-25T14:00:08","date_gmt":"2020-08-25T14:00:08","guid":{"rendered":"http:\/\/hauskunterbunt.net\/?page_id=86"},"modified":"2025-03-18T11:06:29","modified_gmt":"2025-03-18T11:06:29","slug":"kinder-und-jugendprojekte","status":"publish","type":"page","link":"https:\/\/hauskunterbunt.net\/?page_id=86","title":{"rendered":"Kinder und Jugendprojekte"},"content":{"rendered":"\n<p><\/p>\n\n\n\n<h2 class=\"has-text-align-center wp-block-heading\">Spiel, Spa\u00df und leckeres Essen d\u00fcrfen im Leben nicht zu kurz kommen.<\/h2>\n\n\n\n<p><\/p>\n\n\n\n<p>Durch unsere Kinder und Jugendprojekte wollen wir den Teilnehmern ein Nachhaltiges und achtsames Miteinander erm\u00f6glichen. Wir m\u00f6chten das gemeinsamme Miteinander und pers\u00f6nliche Enpfaltung f\u00f6dern.<\/p>\n\n\n\n<p><\/p>\n\n\n\n<div class=\"wp-block-cover is-light\" style=\"min-height:64px\"><span aria-hidden=\"true\" class=\"wp-block-cover__background has-white-background-color has-background-dim-100 has-background-dim\"><\/span><div class=\"wp-block-cover__inner-container\">\n<p class=\"has-text-align-center has-large-font-size\"><\/p>\n<\/div><\/div>\n\n\n\n<p><\/p>\n\n\n\n<h2 class=\"wp-block-heading\"><strong>Spieleabende<\/strong><\/h2>\n\n\n\n<p>Gemeinsam spielen, zocken, Spa\u00df haben, neune Menschen kennenlernen und lachen.<\/p>\n\n\n\n<p>Wir laden euch herzlich ein, jeden Freitag ab 19 Uhr, an unseren Spieleabenden teilzunehmen.<br><strong>Anmeldung oder Fragen bitte an unsere <a href=\"https:\/\/hauskunterbunt.net\/?page_id=95\" data-type=\"URL\" data-id=\"https:\/\/hauskunterbunt.net\/?page_id=95\">E-Mail <\/a>Adresse oder unter 017643785971<\/strong>.<\/p>\n\n\n\n<figure class=\"is-layout-flex wp-block-gallery-1 wp-block-gallery has-nested-images columns-default is-cropped\">\n<figure class=\"wp-block-image size-large\"><img decoding=\"async\" loading=\"lazy\" width=\"700\" height=\"918\" data-id=\"675\"  src=\"https:\/\/hauskunterbunt.net\/wp-content\/uploads\/2023\/02\/0545-1-700x918.jpg\" alt=\"\" class=\"wp-image-675\" srcset=\"https:\/\/hauskunterbunt.net\/wp-content\/uploads\/2023\/02\/0545-1-700x918.jpg 700w, https:\/\/hauskunterbunt.net\/wp-content\/uploads\/2023\/02\/0545-1-229x300.jpg 229w, https:\/\/hauskunterbunt.net\/wp-content\/uploads\/2023\/02\/0545-1-768x1007.jpg 768w, https:\/\/hauskunterbunt.net\/wp-content\/uploads\/2023\/02\/0545-1-1171x1536.jpg 1171w, https:\/\/hauskunterbunt.net\/wp-content\/uploads\/2023\/02\/0545-1-1562x2048.jpg 1562w, https:\/\/hauskunterbunt.net\/wp-content\/uploads\/2023\/02\/0545-1-scaled.jpg 1952w\" sizes=\"(max-width: 700px) 100vw, 700px\" \/><\/figure>\n\n\n\n<figure class=\"wp-block-image size-large\"><img decoding=\"async\" loading=\"lazy\" width=\"700\" height=\"933\" data-id=\"640\"  src=\"https:\/\/hauskunterbunt.net\/wp-content\/uploads\/2023\/02\/IMG_20220709_133924-700x933.jpg\" alt=\"\" class=\"wp-image-640\" srcset=\"https:\/\/hauskunterbunt.net\/wp-content\/uploads\/2023\/02\/IMG_20220709_133924-700x933.jpg 700w, https:\/\/hauskunterbunt.net\/wp-content\/uploads\/2023\/02\/IMG_20220709_133924-225x300.jpg 225w, https:\/\/hauskunterbunt.net\/wp-content\/uploads\/2023\/02\/IMG_20220709_133924-768x1024.jpg 768w, https:\/\/hauskunterbunt.net\/wp-content\/uploads\/2023\/02\/IMG_20220709_133924-1152x1536.jpg 1152w, https:\/\/hauskunterbunt.net\/wp-content\/uploads\/2023\/02\/IMG_20220709_133924-1536x2048.jpg 1536w, https:\/\/hauskunterbunt.net\/wp-content\/uploads\/2023\/02\/IMG_20220709_133924-scaled.jpg 1920w\" sizes=\"(max-width: 700px) 100vw, 700px\" \/><\/figure>\n\n\n\n<figure class=\"wp-block-image size-large\"><img decoding=\"async\" loading=\"lazy\" width=\"700\" height=\"930\" data-id=\"644\"  src=\"https:\/\/hauskunterbunt.net\/wp-content\/uploads\/2023\/02\/PXL_20230125_153136260-700x930.jpg\" alt=\"\" class=\"wp-image-644\" srcset=\"https:\/\/hauskunterbunt.net\/wp-content\/uploads\/2023\/02\/PXL_20230125_153136260-700x930.jpg 700w, https:\/\/hauskunterbunt.net\/wp-content\/uploads\/2023\/02\/PXL_20230125_153136260-226x300.jpg 226w, https:\/\/hauskunterbunt.net\/wp-content\/uploads\/2023\/02\/PXL_20230125_153136260-768x1020.jpg 768w, https:\/\/hauskunterbunt.net\/wp-content\/uploads\/2023\/02\/PXL_20230125_153136260-1157x1536.jpg 1157w, https:\/\/hauskunterbunt.net\/wp-content\/uploads\/2023\/02\/PXL_20230125_153136260-1542x2048.jpg 1542w, https:\/\/hauskunterbunt.net\/wp-content\/uploads\/2023\/02\/PXL_20230125_153136260-scaled.jpg 1928w\" sizes=\"(max-width: 700px) 100vw, 700px\" \/><\/figure>\n<\/figure>\n\n\n\n<div class=\"wp-block-cover is-light\" style=\"min-height:84px\"><span aria-hidden=\"true\" class=\"wp-block-cover__background has-white-background-color has-background-dim-100 has-background-dim\"><\/span><div class=\"wp-block-cover__inner-container\">\n<p class=\"has-text-align-center has-large-font-size\"><\/p>\n<\/div><\/div>\n\n\n\n<h2 class=\"wp-block-heading\"><strong>Kochtreff<\/strong><\/h2>\n\n\n\n<p>Gemeinsam kochen, Spa\u00df haben, neune Menschen kennenlernen und lieblings Rezepte austauschen.<\/p>\n\n\n\n<p>Wir laden euch herzlich ein, jeden zweiten Sonntag ab 11 Uhr, an unseren Kochtreffs teilzunehmen.<br><strong>Anmeldung oder Fragen bitte an unsere <a href=\"https:\/\/hauskunterbunt.net\/?page_id=95\" data-type=\"URL\" data-id=\"https:\/\/hauskunterbunt.net\/?page_id=95\">E-Mail <\/a>Adresse oder unter 017643785971<\/strong>.<br><\/p>\n\n\n\n<div class=\"is-layout-flex wp-container-6 wp-block-columns\">\n<div class=\"is-layout-flow wp-block-column\" style=\"flex-basis:100%\">\n<figure class=\"is-layout-flex wp-block-gallery-3 wp-block-gallery has-nested-images columns-3 is-cropped\">\n<figure class=\"wp-block-image size-large\"><img decoding=\"async\" loading=\"lazy\" width=\"700\" height=\"933\" src=\"https:\/\/hauskunterbunt.net\/wp-content\/uploads\/2023\/02\/IMG_20210724_132924-700x933.jpg\" alt=\"\" class=\"wp-image-622\" srcset=\"https:\/\/hauskunterbunt.net\/wp-content\/uploads\/2023\/02\/IMG_20210724_132924-700x933.jpg 700w, https:\/\/hauskunterbunt.net\/wp-content\/uploads\/2023\/02\/IMG_20210724_132924-225x300.jpg 225w, https:\/\/hauskunterbunt.net\/wp-content\/uploads\/2023\/02\/IMG_20210724_132924-768x1024.jpg 768w, https:\/\/hauskunterbunt.net\/wp-content\/uploads\/2023\/02\/IMG_20210724_132924-1152x1536.jpg 1152w, https:\/\/hauskunterbunt.net\/wp-content\/uploads\/2023\/02\/IMG_20210724_132924-1536x2048.jpg 1536w, https:\/\/hauskunterbunt.net\/wp-content\/uploads\/2023\/02\/IMG_20210724_132924-scaled.jpg 1920w\" sizes=\"(max-width: 700px) 100vw, 700px\" \/><\/figure>\n\n\n\n<figure class=\"wp-block-image size-large\"><img decoding=\"async\" loading=\"lazy\" width=\"700\" height=\"933\" src=\"https:\/\/hauskunterbunt.net\/wp-content\/uploads\/2023\/02\/IMG_20210709_183138-700x933.jpg\" alt=\"\" class=\"wp-image-621\" srcset=\"https:\/\/hauskunterbunt.net\/wp-content\/uploads\/2023\/02\/IMG_20210709_183138-700x933.jpg 700w, https:\/\/hauskunterbunt.net\/wp-content\/uploads\/2023\/02\/IMG_20210709_183138-225x300.jpg 225w, https:\/\/hauskunterbunt.net\/wp-content\/uploads\/2023\/02\/IMG_20210709_183138-768x1024.jpg 768w, https:\/\/hauskunterbunt.net\/wp-content\/uploads\/2023\/02\/IMG_20210709_183138-1152x1536.jpg 1152w, https:\/\/hauskunterbunt.net\/wp-content\/uploads\/2023\/02\/IMG_20210709_183138-1536x2048.jpg 1536w, https:\/\/hauskunterbunt.net\/wp-content\/uploads\/2023\/02\/IMG_20210709_183138-scaled.jpg 1920w\" sizes=\"(max-width: 700px) 100vw, 700px\" \/><\/figure>\n\n\n\n<figure class=\"wp-block-image size-large\"><img decoding=\"async\" loading=\"lazy\" width=\"700\" height=\"933\" src=\"https:\/\/hauskunterbunt.net\/wp-content\/uploads\/2023\/02\/IMG_20200516_181940-1-700x933.jpg\" alt=\"\" class=\"wp-image-626\" srcset=\"https:\/\/hauskunterbunt.net\/wp-content\/uploads\/2023\/02\/IMG_20200516_181940-1-700x933.jpg 700w, https:\/\/hauskunterbunt.net\/wp-content\/uploads\/2023\/02\/IMG_20200516_181940-1-225x300.jpg 225w, https:\/\/hauskunterbunt.net\/wp-content\/uploads\/2023\/02\/IMG_20200516_181940-1-768x1024.jpg 768w, https:\/\/hauskunterbunt.net\/wp-content\/uploads\/2023\/02\/IMG_20200516_181940-1-1152x1536.jpg 1152w, https:\/\/hauskunterbunt.net\/wp-content\/uploads\/2023\/02\/IMG_20200516_181940-1-1536x2048.jpg 1536w, https:\/\/hauskunterbunt.net\/wp-content\/uploads\/2023\/02\/IMG_20200516_181940-1-scaled.jpg 1920w\" sizes=\"(max-width: 700px) 100vw, 700px\" \/><\/figure>\n<\/figure>\n<\/div>\n<\/div>\n\n\n\n<div class=\"wp-block-cover is-light\" style=\"min-height:84px\"><span aria-hidden=\"true\" class=\"wp-block-cover__background has-white-background-color has-background-dim-100 has-background-dim\"><\/span><div class=\"wp-block-cover__inner-container\">\n<p class=\"has-text-align-center has-large-font-size\"><\/p>\n<\/div><\/div>\n","protected":false},"excerpt":{"rendered":"<p>Spiel, Spa\u00df und leckeres Essen d\u00fcrfen im Leben nicht zu kurz kommen. Durch unsere Kinder und Jugendprojekte wollen wir den Teilnehmern ein Nachhaltiges und achtsames Miteinander erm\u00f6glichen. Wir m\u00f6chten das gemeinsamme Miteinander und pers\u00f6nliche Enpfaltung f\u00f6dern. Spieleabende Gemeinsam spielen, zocken, Spa\u00df haben, neune Menschen kennenlernen und lachen. Wir laden euch herzlich ein, jeden Freitag ab<\/p>\n<div class=\"more-link\">\n\t\t\t\t <a href=\"https:\/\/hauskunterbunt.net\/?page_id=86\" class=\"link-btn\"><span>Weiterlesen <\/span> <i class=\"icofont-thin-double-right\"><\/i><\/a>\n\t\t\t<\/div>\n","protected":false},"author":1,"featured_media":0,"parent":0,"menu_order":0,"comment_status":"closed","ping_status":"closed","template":"","meta":[],"_links":{"self":[{"href":"https:\/\/hauskunterbunt.net\/index.php?rest_route=\/wp\/v2\/pages\/86"}],"collection":[{"href":"https:\/\/hauskunterbunt.net\/index.php?rest_route=\/wp\/v2\/pages"}],"about":[{"href":"https:\/\/hauskunterbunt.net\/index.php?rest_route=\/wp\/v2\/types\/page"}],"author":[{"embeddable":true,"href":"https:\/\/hauskunterbunt.net\/index.php?rest_route=\/wp\/v2\/users\/1"}],"replies":[{"embeddable":true,"href":"https:\/\/hauskunterbunt.net\/index.php?rest_route=%2Fwp%2Fv2%2Fcomments&post=86"}],"version-history":[{"count":82,"href":"https:\/\/hauskunterbunt.net\/index.php?rest_route=\/wp\/v2\/pages\/86\/revisions"}],"predecessor-version":[{"id":769,"href":"https:\/\/hauskunterbunt.net\/index.php?rest_route=\/wp\/v2\/pages\/86\/revisions\/769"}],"wp:attachment":[{"href":"https:\/\/hauskunterbunt.net\/index.php?rest_route=%2Fwp%2Fv2%2Fmedia&parent=86"}],"curies":[{"name":"wp","href":"https:\/\/api.w.org\/{rel}","templated":true}]}}