{"id":33,"date":"2020-06-14T11:03:09","date_gmt":"2020-06-14T11:03:09","guid":{"rendered":"http:\/\/hauskunterbunt.net\/?page_id=33"},"modified":"2020-08-25T13:46:57","modified_gmt":"2020-08-25T13:46:57","slug":"wertekompass","status":"publish","type":"page","link":"https:\/\/hauskunterbunt.net\/?page_id=33","title":{"rendered":"Wertekompass"},"content":{"rendered":"\n<h1>Woran k\u00f6nnen wir uns orientieren?<\/h1>\n\n\n\n<p>Grundlegende Ver\u00e4nderungen brauchen auch grundlegend neue Konzepte. Dabei sind Werte hilfreich, nach denen wir uns orientieren k\u00f6nnen. Neben vielen Konzepten f\u00fcr gesellschaftliche Ver\u00e4nderungen gibt es auch eine Vielzahl an Wertesystemen.<\/p>\n\n\n\n<p>Wir haben aus dieser Vielfalt einige ausgew\u00e4hlt, die auf drei S\u00e4ulen aufgebaut sind. Drei Eckpunkte als Basis bieten hohe Stabilit\u00e4t und sind \u00fcberschaubar. Eine Dreier-Kombination verdeutlicht dar\u00fcber hinaus die Einheit des gesamten Systems Leben. Alle einzelnen Aspekte sind in einem ausgewogenen Verh\u00e4ltnis miteinander in Verbindung.<\/p>\n\n\n\n<figure class=\"wp-block-image size-large\"><img decoding=\"async\" loading=\"lazy\" width=\"484\" height=\"468\" src=\"https:\/\/hauskunterbunt.net\/wp-content\/uploads\/2020\/06\/Wertekompass.png\" alt=\"\" class=\"wp-image-34\" srcset=\"https:\/\/hauskunterbunt.net\/wp-content\/uploads\/2020\/06\/Wertekompass.png 484w, https:\/\/hauskunterbunt.net\/wp-content\/uploads\/2020\/06\/Wertekompass-300x290.png 300w\" sizes=\"(max-width: 484px) 100vw, 484px\" \/><\/figure>\n\n\n\n<p>Wie ist der Kompass zu lesen?<\/p>\n\n\n\n<p>Jeder Begriff in diesem Bild hat seine Bedeutung, die von verschiedenen Menschen unterschiedlich interpretiert wird. Durch die Zuordnungen m\u00f6chten wir Zusammenh\u00e4nge und Verbindungen deutlich machen. Komplexe Systeme k\u00f6nnen wir intuitiv aufnehmen, das soll hiermit erleichtert werden.<\/p>\n\n\n\n<p>Also nicht die Worte auf die Waage legen, sondern die zusammenh\u00e4ngende Bedeutung beachten.<\/p>\n\n\n\n<h3>Wertesysteme<\/h3>\n\n\n\n<p>Der Kompass ist aus der Zusammenarbeit vieler Menschen entstanden. Dabei haben wir mit einigen Wertesystemen experimentiert und haben uns dann entschieden, die folgenden f\u00fcnf Wertesysteme miteinander in Einklang zu bringen.<\/p>\n\n\n\n<p>Die kurzen Beschreibungen dazu haben keinen Anspruch auf Vollst\u00e4ndigkeit! Wir m\u00f6chten damit die verschiedenen Blickwinkel deutlich machen.<\/p>\n\n\n\n<ol><li><strong>Bereiche der Gesellschaft (physikalische Existenz, pers\u00f6nliche Entwicklung, spirituelle Verbundenheit)<\/strong><\/li><li><strong>Soziale Dreigliederung (Wirtschaftsleben, Geistesleben, Rechtsleben)<\/strong> Die soziale Dreigliederung entstand in den 1920er Jahren und der Begriff wurde von Rudolf Steiner gepr\u00e4gt. Hier wird die Gesellschaft als ein lebendiger Organismus betrachtet, der drei Organe im Zusammenleben entwickelt hat. Das Wirtschaftsleben umfasst den materiellen Bereich der Gesellschaft. Das Geistesleben beschreibt Kunst und Bildungssystem. Das Rechtsleben betrifft Regeln und Abmachungen die untereinander getroffen werden.<\/li><\/ol>\n\n\n\n<ol start=\"3\"><li><strong>Politik (Freiheit, Gleichheit, Br\u00fcderlichkeit \/ Einigkeit und Recht und Freiheit)<\/strong> Hier finden sich zwei mal drei Ideale aus dem politischen Kontext. In der franz\u00f6sischen Revolution kristallisierten sich die Begriffe Freiheit, Gleichheit und Br\u00fcderlichkeit heraus. In unserem Land haben die drei Begriffe Einigkeit, Recht und Freiheit hohe Bedeutung. Diese drei Ideale klingen verlockend, lassen sich aber nicht problemlos umsetzen, weil nicht jeder \u00fcberall gleich ist, niemand immer frei sein kann und Br\u00fcderlichkeit und Einigkeit oft schwer zu erreichen sind. Darum ist es auch bei diesen drei Idealen sinnvoll, sie als Teile eines Ganzen zu betrachten, die sich gegenseitig erg\u00e4nzen. So wird es m\u00f6glich zu definieren, wo wir Freiheit, Gleichheit, Br\u00fcderlichkeit, Einigkeit und Recht lebendig werden lassen k\u00f6nnen. Freiheit im Geiste klingt sinnvoll, Gleichheit im Recht ist passend und Br\u00fcderlichkeit im Wirtschaftsleben macht ebenfalls Sinn, wenn wir uns der Abh\u00e4ngigkeit voneinander bewusst sind.<\/li><li><strong>Religion (K\u00f6rper, Seele, Geist)<\/strong> In vielen Religionen wird von einer Dreigliedrigkeit des Seins ausgegangen. Hier werden die Begriffe K\u00f6rper, Seele und Geist verwendet. Allen drei Bereichen des Seins soll Aufmerksamkeit und Achtung geschenkt werden und die meisten Religionen gehen von einer Einigkeit aller drei Ebenen aus. Tats\u00e4chlich gelebt wird dies in den wenigsten Religionen, weil unterschiedliche moralische Vorstellungen einen Teil oft hervorheben und \u00fcber bewerten. Dadurch kommt es auch hier oft zu einem Ungleichgewicht der Achtung.<\/li><li><strong>Lehre der drei Kr\u00e4fte (Liebe, Lust, Macht)<\/strong> Diese Dreier-Einheit ist bei Axel Br\u00fcck, einem Forscher der alten schamanischen Traditionen aufgefallen. In diesem Weltbild besteht die Welt aus drei Kr\u00e4ften, die gleichberechtigt sind und durch gegenseitige Wechselwirkungen die Welt m\u00f6glich machen. Alle drei Kr\u00e4fte sind Energien und wirken sowohl im Ganzen als auch in jeder individuellen Erscheinung. Liebe-Kraft steht hier f\u00fcr die Verbindung allen Seins miteinander, Lust-Kraft steht f\u00fcr die Lust an der Ver\u00e4nderung und Feiern des Lebens, Macht-Kraft steht f\u00fcr die Kraft der physikalischen Welt Formen geben zu k\u00f6nnen.<\/li><\/ol>\n\n\n\n<h3>Bed\u00fcrfnisse des Lebens<\/h3>\n\n\n\n<p>Als universelle Werte haben wir diesen drei S\u00e4ulen Bed\u00fcrfnisse des Lebens zugeordnet. Es handelt sich hierbei um grundlegende menschliche Bed\u00fcrfnisse. Dadurch finden die meisten Menschen leicht zu einer \u00dcbereinstimmung mit diesen Werten.<\/p>\n","protected":false},"excerpt":{"rendered":"<p>Woran k\u00f6nnen wir uns orientieren? Grundlegende Ver\u00e4nderungen brauchen auch grundlegend neue Konzepte. Dabei sind Werte hilfreich, nach denen wir uns orientieren k\u00f6nnen. Neben vielen Konzepten f\u00fcr gesellschaftliche Ver\u00e4nderungen gibt es auch eine Vielzahl an Wertesystemen. Wir haben aus dieser Vielfalt einige ausgew\u00e4hlt, die auf drei S\u00e4ulen aufgebaut sind. Drei Eckpunkte als Basis bieten hohe Stabilit\u00e4t<\/p>\n<div class=\"more-link\">\n\t\t\t\t <a href=\"https:\/\/hauskunterbunt.net\/?page_id=33\" class=\"link-btn\"><span>Weiterlesen <\/span> <i class=\"icofont-thin-double-right\"><\/i><\/a>\n\t\t\t<\/div>\n","protected":false},"author":1,"featured_media":0,"parent":30,"menu_order":0,"comment_status":"closed","ping_status":"closed","template":"","meta":[],"_links":{"self":[{"href":"https:\/\/hauskunterbunt.net\/index.php?rest_route=\/wp\/v2\/pages\/33"}],"collection":[{"href":"https:\/\/hauskunterbunt.net\/index.php?rest_route=\/wp\/v2\/pages"}],"about":[{"href":"https:\/\/hauskunterbunt.net\/index.php?rest_route=\/wp\/v2\/types\/page"}],"author":[{"embeddable":true,"href":"https:\/\/hauskunterbunt.net\/index.php?rest_route=\/wp\/v2\/users\/1"}],"replies":[{"embeddable":true,"href":"https:\/\/hauskunterbunt.net\/index.php?rest_route=%2Fwp%2Fv2%2Fcomments&post=33"}],"version-history":[{"count":2,"href":"https:\/\/hauskunterbunt.net\/index.php?rest_route=\/wp\/v2\/pages\/33\/revisions"}],"predecessor-version":[{"id":36,"href":"https:\/\/hauskunterbunt.net\/index.php?rest_route=\/wp\/v2\/pages\/33\/revisions\/36"}],"up":[{"embeddable":true,"href":"https:\/\/hauskunterbunt.net\/index.php?rest_route=\/wp\/v2\/pages\/30"}],"wp:attachment":[{"href":"https:\/\/hauskunterbunt.net\/index.php?rest_route=%2Fwp%2Fv2%2Fmedia&parent=33"}],"curies":[{"name":"wp","href":"https:\/\/api.w.org\/{rel}","templated":true}]}}